se
Is 1763700109 composite?
False
Is 182890160353 a composite number?
False
Is 2572509565 composite?
True
Is 3333393617 prime?
False
Is 124952703533 composite?
True
Is 262263979 a composite number?
True
Is 359329939 a composite number?
False
Is 5866717453 prime?
False
Is 32586661 a prime number?
True
Is 677881229003 a prime number?
False
Is 919850657 a composite number?
True
Is 1596705601 prime?
True
Is 9571713113 a prime number?
False
Is 117207211349 composite?
False
Is 405709433 a prime number?
False
Is 820155491 prime?
False
Is 431734423 a composite number?
False
Is 1136901361 prime?
True
Is 532518533 composite?
False
Is 50675339963 prime?
False
Is 4166501461 prime?
True
Is 2543074103 prime?
False
Is 7831742159 composite?
True
Is 65535717619 a prime number?
False
Is 32944981 a composite number?
False
Is 2097793669 composite?
False
Is 239139104707 a prime number?
True
Is 5406649571 composite?
False
Is 2326563991 a composite number?
True
Is 4802599013 a prime number?
False
Is 4710112961 a composite number?
False
Is 1782735419 composite?
False
Is 11460128747 composite?
False
Is 26911529893 composite?
False
Is 934146539 prime?
True
Is 4412355289 a prime number?
True
Is 14462573621 a composite number?
True
Is 52669941851 a prime number?
True
Is 3730205141 prime?
False
Is 1868348219 a prime number?
True
Is 24569157419 prime?
True
Is 2242260049 a composite number?
False
Is 1829160523 a composite number?
True
Is 1138614073 a prime number?
True
Is 35335349801 prime?
False
Is 125485495 prime?
False
Is 562159459 a prime number?
True
Is 81729185393 prime?
False
Is 15340860089 prime?
True
Is 1899767 prime?
False
Is 54209801 composite?
True
Is 659933789 prime?
True
Is 9375824477 composite?
False
Is 20944160359 prime?
False
Is 5472680039 prime?
True
Is 1943041829 a prime number?
True
Is 10514900569 prime?
False
Is 111847723951 prime?
True
Is 1623851927 a composite number?
True
Is 81448938521 prime?
True
Is 5580239297 composite?
False
Is 16022179 composite?
True
Is 71600708887 prime?
False
Is 239201953 a prime number?
False
Is 2946028334 a composite number?
True
Is 7018820997 composite?
True
Is 3040155889 composite?
False
Is 13277912119 a prime number?
False
Is 73981997483 composite?
True
Is 1127856161 composite?
True
Is 1468905983 a prime number?
False
Is 7673844883 prime?
False
Is 14179926947 composite?
False
Is 6429311027 a composite number?
True
Is 687178343 a composite number?
False
Is 5835273337 a composite number?
False
Is 87697944979 composite?
True
Is 4973344861 a composite number?
False
Is 4542261203 prime?
False
Is 22126468159 a composite number?
False
Is 10609188431 a prime number?
True
Is 2215050553 composite?
False
Is 4487822861 a prime number?
False
Is 703553299 composite?
True
Is 13529579473 composite?
False
Is 1492258954 a composite number?
True
Is 45119093 composite?
False
Is 141472693 composite?
False
Is 7042418059 a composite number?
True
Is 13742550517 a prime number?
True
Is 336317213 prime?
False
Is 4422773461 composite?
True
Is 5068662637 prime?
True
Is 16573123349 composite?
False
Is 923791367 a prime number?
True
Is 12541842281 a composite number?
True
Is 2854291787 composite?
False
Is 21880991389 a composite number?
False
Is 45621941137 prime?
False
Is 4751062453 composite?
True
Is 2104587187 a prime number?
True
Is 11232214847 a prime number?
False
Is 566041391 prime?
True
Is 2423471069 composite?
False
Is 2072606755 prime?
False
Is 14530160609 a prime number?
False
Is 19406934419 a prime number?
False
Is 56327179 a prime number?
False
Is 129193609 a composite number?
False
Is 4744990405 composite?
True
Is 2688423455 prime?
False
Is 47720770039 prime?
True
Is 60966372179 a composite number?
True
Is 3643609183 a prime number?
True
Is 2344713389 a prime number?
False
Is 6689006227 composite?
True
Is 6771984551 a prime number?
False
Is 5103723587 a prime number?
False
Is 1756566353 a prime number?
True
Is 13664411357 a composite number?
False
Is 546010441 composite?
False
Is 2728596427 a prime number?
True
Is 220300505 a composite number?
True
Is 1245995233 prime?
False
Is 6652534789 a prime number?
False
Is 21362082589 composite?
False
Is 1765812859 a prime number?
True
Is 1868021191 composite?
True
Is 34921355689 a composite number?
True
Is 123626137 a composite number?
True
Is 401772991 a composite number?
True
Is 73800103987 prime?
False
Is 175478600933 composite?
False
Is 2704887863 a prime number?
False
Is 63316272709 composite?
True
Is 8369183815 a prime number?
False
Is 50943620893 a composite number?
True
Is 1150688717 composite?
False
Is 34184968121 a composite number?
False
Is 558936991 a prime number?
False
Is 38480641481 a composite number?
False
Is 5696023237 a prime number?
True
Is 1622361851 prime?
False
Is 5483858969 a composite number?
False
Is 199941229 prime?
False
Is 2740557983 prime?
True
Is 23942741 composite?
False
Is 827836211 a composite number?
True
Is 192881203 prime?
False
Is 460547959 a composite number?
True
Is 8929568537 prime?
True
Is 77320679 prime?
False
Is 26408904701 composite?
False
Is 19919705209 a composite number?
False
Is 670404019 a composite number?
True
Is 886399667 a prime number?
True
Is 50067839 composite?
True
Is 183619905527 composite?
True
Is 3345708967 composite?
True
Is 7420564427 a prime number?
False
Is 146566145927 a prime number?
False
Is 411303701 a prime number?
False
Is 15663662522 prime?
False
Is 2643155243 composite?
True
Is 71730271 a prime number?
True
Is 195868783 prime?
False
Is 4249498289 prime?
False
Is 174044920937 a composite number?
False
Is 1282458493 prime?
False
Is 1343126779 composite?
True
Is 1530166841 composite?
True
Is 87380438059 prime?
True
Is 2010278183 a composite number?
True
Is 14812421641 prime?
False
Is 88577389 a prime number?
False
Is 1493794891 prime?
True
Is 386877269 a prime number?
True
Is 76360486337 composite?
True
Is 166199249 composite?
False
Is 97259833421 prime?
False
Is 5491449655 a composite number?
True
Is 1875388693 a prime number?
False
Is 3553509277 a composite number?
True
Is 110751388099 a composite number?
True
Is 783226039 prime?
False
Is 10891257371 composite?
True
Is 731035091 prime?
True
Is 28784749531 a prime number?
False
Is 8791709551 prime?
False
Is 21503939726 a prime number?
False
Is 5522611 a composite number?
False
Is 907072099 a prime number?
False
Is 589636997 a composite number?
True
Is 469227019 a prime number?
False
Is 958925531 prime?
True
Is 638146463 a composite number?
False
Is 3965665646 composite?
True
Is 3227664941 a prime number?
True
Is 3783192955 prime?
False
Is 23035159439 composite?
True
Is 7378617353 prime?
False
Is 31118930741 a composite number?
False
Is 99062707 a composite number?
True
Is 5404338073 prime?
True
Is 127237905053 a prime number?
False
Is 47615546773 prime?
True
Is 133858472479 prime?
True
Is 772010823 a prime number?
False
Is 23555817113 a prime number?
True
Is 70263641 a prime number?
False
Is 124484839 prime?
True
Is 4102657633 a prime number?
False
Is 42107206423 a prime number?
False
Is 2009636059 a prime number?
True
Is 4863926549 prime?
True
Is 26200609 prime?
True
Is 21526185041 prime?
False
Is 12449093707 a prime number?
False
Is 4873838327 prime?
False
Is 684459007 composite?
True
Is 26897395247 a composite number?
True
Is 5237687227 a prime number?
False
Is 895771651 a prime number?
False
Is 5619205153 a prime number?
True
Is 53042939539 a prime number?
True
Is 3126376571 composite?
False
Is 39237033065 a composite number?
True
Is 19864025561 composite?
True
Is 4807363937 a prime number?
False
Is 7322722213 a prime number?
True
Is 11734704823 a prime number?
True
Is 51242554399 composite?
False
Is 338592289 a composite number?
True
Is 42767042933 a prime number?
False
Is 1180789069 composite?
False
Is 78725041 prime?
True
Is 1362628093 a prime number?
False
Is 3598686583 a prime number?
False
Is 1297101431 a prime number?
True
Is 12265397 a composite number?
True
Is 7916136065 composite?
True
Is 38971177593 composite?
True
Is 1649050489 prime?
False
Is 232587437909 composite?
False
Is 122555899 composite?
False
Is 71829107 a composite number?
True
Is 32407005403 prime?
True
Is 211921517 a prime number?
False
Is 89247629 a prime number?
True
Is 525512057 composite?